 9. Let s(y) = 11*y**3 + 9*y**2 + 43*y - 14. Let w(i) = 8*a(i) + 5*s(i). What are the prime factors of w(-5)?
97
Let b(i) = i**2 + 17*i - 13. Let d be b(-18). Suppose -19*m + 462 = -d*m. What are the prime factors of m?
3, 11
Let b(d) = 17*d + 5. Let s be b(4). Let r(l) = l**2 + 14*l + 17. Let z be r(-13). Suppose z*k - s = -29. What are the prime factors of k?
11
Let s(i) = -45*i**2 + 20*i - i + 44*i**2 - 4*i - 25. List the prime factors of s(12).
11
Let n(b) = -1 + 1 + 180*b - b**2 - 171*b. What are the prime factors of n(6)?
2, 3
Let c = -19 + 44. Let d be (-22)/(-5) - 10/c. Let h = d + 10. List the prime factors of h.
2, 7
Let v be 1092/(-30) + (-4)/(-10). Let g = v - -6. What are the prime factors of 135/(-6)*36/g?
3
Let b = 395 + -199. List the prime factors of b.
2, 7
Let t = 13 + -6. Suppose -t*h + 2*h - 230 = 0. Let v = h - -66. What are the prime factors of v?
2, 5
Let u be 4/34 + 4032/119. Let n = u - -22. List the prime factors of n.
2, 7
Let n = -107 - -112. Suppose -3*q - 619 = -n*o, 0*o - o - 2*q + 129 = 0. What are the prime factors of o?
5
Suppose -5*d = -4*q + 1, -2*q = -6*q + d - 3. Let x be (q - -1)/(4 - 6). Suppose -i - 20 = -z, -5*z + x*i - 5*i = -130. List the prime factors of z.
23
Suppose -3*y = -b + 67, -4*y - 2*b + 29 = 115. Let f = 98 + -148. Let o = y - f. List the prime factors of o.
2, 7
Let k = -34 - -24. Let h(z) = z**2 - 14*z + 14. Let l(f) = -f**2 + 10*f - 14. Let g(x) = -4*h(x) - 5*l(x). List the prime factors of g(k).
2, 3
Suppose 2*c = -241 - 159. What are the prime factors of (c - 0)/(10 - 11)?
2, 5
Let x = -2360 + 4068. List the prime factors of x.
2, 7, 61
Let m(f) = f**2 + 9*f + 2. Let n be m(-9). Suppose -2*o = -0 - n, 3*j + 5*o = 38. Suppose 0*c + 2*c + j = w, w + 4 = -3*c. List the prime factors of w.
5
Suppose 2*n + 2*m = 4*n - 12, 2*n - 27 = 5*m. List the prime factors of ((-1)/n)/(2/(-434)).
7, 31
Suppose -2*d - 2*i = -7*d + 6803, 0 = -d - 2*i + 1363. Suppose 0 = -5*p + 2*a + d, -6*p = -8*p + 4*a + 554. List the prime factors of p.
271
Suppose -3*v - 20 = -8*v. Suppose 0 = -v*i + 20, 2*i = -5*n + 3*i - 20. What are the prime factors of 70/(-5)*n/2?
3, 7
Suppose 25 = -5*v, 2*s + 16 = -3*v - v. What are the prime factors of (-4)/((-8)/s)*22?
2, 11
Let x(c) = -c - 24. Let h = -23 + 22. Let w(g) = -1. Let i(s) = h*w(s) - x(s). What are the prime factors of i(0)?
5
What are the prime factors of 22 + -20 + 13*36?
2, 5, 47
Let n(z) = 5*z**3 - 4*z**2 - 2*z + 26. List the prime factors of n(7).
1531
Let y be 3065/35 - (-8)/(-14). Let f = y - 54. Let l = 66 - f. What are the prime factors of l?
3, 11
Let c(w) = -2*w**3 - 22*w**2 - 17*w + 3. Let o be c(-10). Let p be -2 + 2 - (32 + 1). List the prime factors of (36/o)/(2/p).
2, 11
Let z(m) = m**2 + 8*m - 5. Let c be z(-9). Suppose -q - 3*d + 168 = 0, 0 = 2*q + q - c*d - 543. What are the prime factors of q?
3, 59
Let u(a) = 52*a**2 - a - 8. Let t(j) = -105*j**2 + 2*j + 17. Let b(k) = 6*t(k) + 13*u(k). What are the prime factors of b(-1)?
3, 5
Let y(q) = -3*q**3 + 2*q**2 - 8*q + 17. What are the prime factors of y(-6)?
5, 157
Suppose 229*d = 246*d - 99858. List the prime factors of d.
2, 3, 11, 89
Let z be (-1)/5 - (-480)/25. Suppose z = 4*w - 13. Suppose -3*d + w = c, -41 = -5*c - 2*d + 12. List the prime factors of c.
11
Let j be (-1)/1 + 61*1. Let y(k) = 4*k**2 + 2*k - 7. Let p be y(4). List the prime factors of (78/p)/(2/j).
2, 3
Let x = -20 - -25. Suppose -x*u + 42 = z, 3*z + 2*u + u - 66 = 0. List the prime factors of z.
17
Let w be (-68)/(-16) - 1/4. Suppose 2*j - p - 5 = 0, 2*j + w*p - 24 = -j. What are the prime factors of -3 + 76*j/8?
5, 7
What are the prime factors of (-2)/(-12) - 24820/(-120)?
3, 23
Let x(k) = 64*k**2 - 4*k - 3. What are the prime factors of x(-2)?
3, 29
Let w(l) = -532*l**3 + l**2 + l. Let j be w(-1). Suppose 0 = 2*g + 5*g - j. What are the prime factors of g?
2, 19
Let o = -157 + 199. What are the prime factors of o?
2, 3, 7
Suppose 3*j - 9*d = -14*d + 542, -d + 538 = 3*j. What are the prime factors of j?
179
What are the prime factors of 24513*(-4)/(-132) + (-2)/(-11)?
743
Suppose 575 = 31*n - 25775. What are the prime factors of n?
2, 5, 17
Let o(z) = 130*z**2 - 27*z - 37. List the prime factors of o(-5).
2, 3, 31
Let k(h) = 3*h + 25. Let r be 6/(-2) + (4 - 1). Let m be k(r). Suppose m = 8*q - 3*q. List the prime factors of q.
5
Let b = 124 + -173. Let h = 109 + b. List the prime factors of h.
2, 3, 5
Let k be (2 - (-6)/(-15))/(14/1855). Suppose -6*a = -k - 88. List the prime factors of a.
2, 5
Let y = 5076 + -2368. What are the prime factors of y?
2, 677
Let o = -82 + 197. List the prime factors of o.
5, 23
Suppose -2*m + 1 = -3. Suppose m*o - 11 = 5*k, -6*o + 39 = -o - k. Suppose o*u = u + 70. What are the prime factors of u?
2, 5
Let x(p) = 4*p**3 + 6*p**2 - 10*p - 3. Let m(i) = -i**3 + i + 1. Let f(l) = 3*m(l) + x(l). List the prime factors of f(-5).
2, 3, 5
Let o(m) = m**2 + 3*m - 14. Let s be o(-6). Let x = -1 - -5. Suppose -3*u + 4*d - s = -x*u, -4*u + 67 = -d. List the prime factors of u.
2
Let y(q) = 5 - 7*q - 4*q**2 - 10*q + q + q**3. What are the prime factors of y(8)?
7, 19
Let d = -62 - -1041. List the prime factors of d.
11, 89
Suppose 13 = 4*t - 15. Let s(r) = r**2 - 7*r + 7. What are the prime factors of s(t)?
7
Let u = 86 - 90. What are the prime factors of (0 + (-3)/u)/(31/8804)?
3, 71
Let a(f) = -7*f + 11. Let y(d) = -d + 1. Let l(u) = -a(u) + 6*y(u). Let n be l(8). Suppose 81 = n*x - 57. List the prime factors of x.
2, 23
Let d(a) be the first derivative of 5*a**4/12 + a**3/3 + a**2/2 + 7*a - 3. Let j(n) be the first derivative of d(n). List the prime factors of j(-1).
2
Let r(a) = -a**3 + 3*a**2 - 2*a - 2. Let x be (-1)/(3 - 32/10). Let j be r(x). Let t = j + 87. What are the prime factors of t?
5
Let s = -44 - -38. Let u(t) = t**3 + 8*t**2 + 2*t - 13. What are the prime factors of u(s)?
47
Let u = 407 - 265. Suppose 0 = -5*l + 7*l - u. What are the prime factors of l?
71
Let x(f) = 4*f**2 + 5*f + 331. What are the prime factors of x(27)?
2, 19, 89
Suppose 2*l + 3*l - 40 = 0. Suppose y = -y + l. Suppose n + 83 = -m + y*m, 5*m + n - 133 = 0. What are the prime factors of m?
3
Suppose 327 = 10*i - 1433. What are the prime factors of i?
2, 11
Let w(x) = -x**2 - 24*x - 9. Let p be w(-13). Let j = 226 + p. Suppose 0*h = 6*h - j. What are the prime factors of h?
2, 3, 5
Let t(s) = s**3 + 14*s**2 - 12*s + 15. Suppose 0*p - 2*p - 30 = 0. Let m be t(p). What are the prime factors of (144/m)/(1/(-5))?
2, 3
Suppose 4*z - 255 = c, -4*z - 14*c + 240 = -10*c. What are the prime factors of z?
3, 7
Suppose -3 = -3*a + 24. Suppose -16 = -4*d + 3*x, 4*d + 3*x - 7 = a. Let f = 12 - d. List the prime factors of f.
2
Let h = 876 - 612. List the prime factors of h.
2, 3, 11
Let r = 220 + -124. List the prime factors of r.
2, 3
Let y be (720/56)/(1/7). Suppose 25 = f - d, 4*f - 2*d - y - 6 = 0. What are the prime factors of f?
23
Let o = -423 + 1000. What are the prime factors of o?
577
Let u(y) be the second derivative of y**4/12 - 3*y**3/2 + 7*y**2 + y. Suppose -2*f + 49 = 2*f + 5*s, 5*f - 4*s = 51. List the prime factors of u(f).
2, 3
Let p = -283 - -410. List the prime factors of p.
127
Suppose 10 = 8*k - 3*k. Let t be (9 - 11) + (-90)/k. Let h = t - -67. List the prime factors of h.
2, 5
Suppose 202089 = -28*d + 69*d. What are the prime factors of d?
3, 31, 53
Suppose 149 = 2*o - 319. What are the prime factors of o?
2, 3, 13
Let x be 2*(-1)/8 + (-81)/(-4). Suppose -18*u = -x*u + 132. List the prime factors of u.
2, 3, 11
Let j be 18/30 + 7/5. Suppose -5*r + 16 = -j*f, 2*f = 6*f + 5*r - 28. Suppose -f*n - 4*n + 222 = 0. What are the prime factors of n?
37
Let j(v) = v**3 + 7*v**2 + 4*v - 15. Let o be j(-7). Let m = 107 + o. Suppose 2*y - m = 4*q, 2*y + 3*q + 28 = 3*y. What are the prime factors of y?
2, 5
Let t = -43 + 47. Suppose -t*u + 5*l = -857, -4*u = -2*l - 1224 + 358. List the prime factors of u.
2, 109
Suppose 0 = -2*b + 3*b - 5, -4*y + 5*b = -15. Suppose 5*c - 1 - y = 2*x, 2*x + c = -17. What are the prime factors of (-12)/x*(-56)/(-3)?
2, 7
Suppose -22 + 7 = 3*d. Let z(a) = 6*a + 5. Let w(r) = -3*r - 2. Let c(k) = 9*w(k) + 4*z(k). What are the prime factors of c(d)?
17
Let w(t) = t + 6. Let l be w(-4). Suppo